ppose 3 = -2*b - x. Let d = b + 29. What is the units digit of d?
3
Suppose -5*z + 4*i + i = -20, 0 = -3*z - i + 20. Suppose 0 = z*o - 2*o - 136. Let n = 5 + o. What is the tens digit of n?
3
Suppose 8*f + 10 = 13*f. What is the units digit of ((-6)/(-4))/(f/136)?
2
Let p = -81 - -1384. What is the tens digit of p?
0
Suppose 0 = -16*z + 12*z + 2*u + 13226, -z + 3*u = -3294. What is the tens digit of z?
0
Let v = 31 + -37. What is the tens digit of ((-27)/v + 0)*4?
1
Let p(u) = u**3 - 13*u**2 - 32*u - 41. What is the thousands digit of p(19)?
1
What is the tens digit of 1582/(-6)*12/12*-9?
7
Suppose -2*a + 267 + 475 = 0. Suppose 0 = -15*k - a + 2711. What is the units digit of k?
6
Suppose 555*j = 565*j - 36050. What is the units digit of j?
5
Let d be (28/12)/((-5)/(-30)). Let t = 1 + d. Suppose t*i - 7*i = 256. What is the units digit of i?
2
Let p = 7 + -5. Let j be 1/(p/(1 - 3)). What is the units digit of 8/12*(j - -7)?
4
Let b(s) = s**3 - 7*s**2 + 2*s + 1. Let y be b(7). Suppose 0 = 18*c - y*c - 99. What is the tens digit of c?
3
Let c = -20 - 5. Let p = c - -29. Suppose -4*a + p*v + 260 = 0, a + 2*a - 209 = -4*v. What is the units digit of a?
7
What is the units digit of (-197312)/(-128) - 6/(-8)*-2?
0
Suppose -2*k + 2903 = -o, 14*k - 3*o = 12*k + 2905. What is the units digit of k?
1
Suppose 9*i - 6*i + 2*l = 4035, 5*l - 2679 = -2*i. What is the tens digit of i?
4
What is the hundreds digit of (34/(-3))/(50/(-3825))?
8
Let r(o) = -o + 4. Let z be r(3). Let j be 28/21*3/z. Suppose 0 = -0*b - b + j. What is the units digit of b?
4
Let v(j) = -j - 31. Let o be v(-7). Let i = 40 - o. Suppose -a = -d - 68, -a - 3*d + 8*d = -i. What is the tens digit of a?
6
Let b(m) = 4*m**2 - 9*m - 3. Let y(q) = -3*q**2 + 8*q + 3. Let f(l) = 2*b(l) + 3*y(l). Suppose 4*i - 16 = -0*i. What is the units digit of f(i)?
1
Let v(w) = 5*w**2 - 3*w + 4. Let k be v(5). Suppose -98 - k = 2*z. Let y = z - -152. What is the tens digit of y?
4
Suppose 0 = -0*t - 5*t - 40. What is the units digit of (710/15)/(t/(-12))?
1
Let k(d) = 487*d**3 + 5*d**2 - 3*d - 4. What is the hundreds digit of k(2)?
9
Let s be 2/3*(-9)/6. What is the tens digit of ((-12)/(-4) - 54)/s?
5
Let v = -250 + 1614. Suppose 18*g - v = 220. What is the tens digit of g?
8
Suppose 0 = -2*b + 8 - 2. Suppose -5*j = -b*m + 253, -4*m + 3*j + 299 = 4*j. Suppose -5*f = -m - 44. What is the tens digit of f?
2
Let u = -93 + 433. Suppose 4*w = 9*w - u. What is the units digit of w?
8
Suppose 2*d - 7*d + 5 = 0. Suppose 9 + d = 5*t. Suppose 0 = t*k - 11 - 37. What is the tens digit of k?
2
Suppose 0 = h - 4*l - 640, -1865 = -3*h - 15*l + 16*l. What is the hundreds digit of h?
6
What is the hundreds digit of -5498*(-8 + 6/1)/4?
7
Suppose 2*g - 4*a = a - 10, a - 2 = -4*g. Suppose -f - 3*h + 205 + 10 = 0, g = -3*f + 3*h + 585. What is the units digit of f?
0
Suppose c - 5 = -1. Suppose -2*o - 6 = -4*o + d, 0 = c*d. What is the units digit of ((-32)/(-6) - o)*9?
1
Let p(f) be the second derivative of f**4/12 - f**3 - 7*f**2 + 11*f. What is the units digit of p(10)?
6
Let j = -9 - -15. Let c = j + -2. Suppose -v - 45 = -3*k, -c*k + 47 = 3*v - 0*v. What is the units digit of k?
4
Suppose -2110 = -2*v + 2*l, 15*v = 11*v - 2*l + 4244. What is the units digit of v?
9
Let j(l) = 4*l + 4 - 3 - 1 + 4. Let n = 3 - 0. What is the tens digit of j(n)?
1
Suppose 55 - 19 = 4*o. What is the units digit of ((-72)/(-15))/(o/60)?
2
Suppose 0*b + b - 16 = 0. Suppose 0*i + i - b = 0. Let z = i - 10. What is the units digit of z?
6
Let p = -684 + 1227. What is the tens digit of p?
4
Suppose -14756 = -6*a - 458. What is the hundreds digit of a?
3
Suppose 3*o + 3*k + 796 = 4*o, -3*o = 5*k - 2318. What is the units digit of o?
1
Suppose 0 = 3*x - 20 - 76. What is the units digit of x?
2
Let z be (-96)/(-8)*(-1)/(-3). Suppose z*o + 62 = 3*n - o, 3*n - o = 46. What is the tens digit of n?
1
Let g = -121 - -46. Suppose 2*z + 330 = 3*s, 4*s - 3*z - 2*z = 447. Let h = g + s. What is the units digit of h?
3
Suppose -5*i - 21 = 2*i. What is the tens digit of (-255)/i + -1 + -1?
8
Let o be (33/2)/((-1)/2). Let p = o + 27. What is the tens digit of 206/4 + 3/p?
5
Let r(y) = 14*y - 8*y - 4*y - 7. What is the tens digit of r(15)?
2
Let f be (0 - 0)*8/8. Suppose f = -5*s + 11*s - 48. What is the units digit of s?
8
Let y = 18 - 14. Suppose -16 = y*d, -3*f - f - 3*d = -924. What is the tens digit of f?
3
Let q(m) = -30 + 14 - 2*m + 14 + 4*m**2. Let z = 1 + 1. What is the units digit of q(z)?
0
Let x = -5 - -9. Suppose -3*r = 5*o - 1, 3*o - x*r = -5*r + 3. What is the tens digit of ((-3)/o)/(1/(-14))?
2
What is the thousands digit of 6906/6 + 80/(-10)?
1
Let q = 94 + -39. Suppose -3*z + 40 = 5*a, 4*z - q = -3*a - 2*a. Suppose 2*w - 30 = -2*x, w = 2*x - 12 - z. What is the tens digit of x?
1
What is the hundreds digit of (96/7)/((-9990)/910 + 11)?
6
Let l = 294 + -247. What is the tens digit of l?
4
Suppose 2*t + 99 = -t. Let m = 45 + -744. What is the tens digit of m/t - 6/33?
2
Let a = 289 - 485. Let d = a - -349. What is the units digit of d?
3
Suppose 4*y + i - 3 = 0, 0 = -0*y - 2*y + 4*i + 24. Suppose -4*w = -2*w - 2*x - 2756, -y*w = -5*x - 2750. What is the units digit of w/50 + (-2)/(-5)?
8
Let x = 22 + -55. Let l = 5 - x. What is the units digit of l?
8
Let u = 12 + 4. Let t = -14 + u. What is the units digit of (t + 3)*(-36)/(-10)?
8
Let b(p) = p**3 - 15*p**2 + 19*p - 27. Let r = -44 + 58. What is the units digit of b(r)?
3
Suppose -11280 = -6*x - 9*x. What is the units digit of x?
2
What is the units digit of (-432)/(-32)*(-260)/(-6)?
5
Let f(m) = -56*m - 2. What is the tens digit of f(-7)?
9
Let w = -5 + 11. Suppose 3*a + 4*f = -4 - w, a + 3*f = -5. Let l = 7 - a. What is the units digit of l?
9
Let n = 176 - 256. Let c = 19 - n. What is the tens digit of c?
9
Suppose 4*j - 4765 = 5*t, j - 355 = t + 836. What is the tens digit of j?
9
Suppose -3*w + 11880 = -2*m + 4846, 3*m + 3 = 0. What is the thousands digit of w?
2
Suppose -z + 3*y = -3430, 3*z - 7*y = -3*y + 10280. What is the thousands digit of z?
3
Let a = 16 - 10. Suppose a*p - 98 = 16. What is the units digit of p?
9
Let j = 62 - 60. Let z = 12 - 7. Suppose j*c - 41 = z*t, c = 4*c - 5*t - 69. What is the tens digit of c?
2
Suppose 5*m = -4*j + 2*m + 2673, 4*j - 2672 = -4*m. What is the hundreds digit of j?
6
Let j be 6/((-4)/(-2))*(-6)/(-18). Let a be 2/8 - 322/8. What is the units digit of 3 - (3 + j) - a?
9
Let l = -110 + 223. Suppose -l = -2*f + 5*j, 0*f - 2*f + 121 = 3*j. What is the tens digit of f?
5
Suppose 3*p - 9 + 0 = 0. Suppose -516 = -5*i - p*y, -4*i - 3*y - 2*y = -405. What is the hundreds digit of i?
1
Let c be -8*(2/(-4) - 0). Suppose 0 = 5*p - 5*g + 15, -c*p - g - 10 = 12. What is the units digit of p*(3 - 36/10)?
3
Let p(w) = w - 3. Let x be p(7). Let v be (-12)/18 + x/(-3). What is the units digit of 3/5 + v/(-5)?
1
Suppose -13 = -3*b - c, b + 6 + 7 = 4*c. Suppose -b*i + 7 = 1. Suppose i*g = -0*g + 6. What is the units digit of g?
3
Let s be 1*(-1646)/4*4. What is the tens digit of 5/40 + s/(-16)?
0
Let f(z) = z**3 - 5*z**2 + 6. Let a be f(6). What is the tens digit of (32/(-12))/((-4)/a)?
2
Let f(c) = 7*c**3 - 4*c**2 + 10*c - 17. What is the tens digit of f(6)?
1
Let h = -51 - -51. What is the units digit of 150 - h*(-4)/(-8)?
0
Let j(u) be the second derivative of 3*u**5/20 - 5*u**4/12 + u**3 - u**2/2 - 6*u. What is the units digit of j(4)?
5
Let d(m) = 12*m**2 + 2*m + 3. Let f(t) = 61*t**2 + 10*t + 14. Let v(l) = 11*d(l) - 2*f(l). What is the units digit of v(-2)?
1
Let o = 7114 + -3876. What is the thousands digit of o?
3
What is the tens digit of (6/(-4))/((-32)/2368)?
1
Suppose -10*a - 2920 = -12*a - 4*n, -8 = -2*n. What is the hundreds digit of a?
4
What is the tens digit of 56768/88 - 2/22?
4
Let j(h) be the third derivative of -h**6/120 - 17*h**5/60 + 17*h**4/24 - 8*h**3/3 - 3*h**2. Let s be j(-18). Let d = s - -51. What is the units digit of d?
3
Let s(h) = 8*h**3 - 2*h**2 - 3. Suppose -u + 5 = 4*u. Let p = 1 + u. What is the units digit of s(p)?
3
Let y be 1/(-2)*5*-2. Suppose 0 = -4*s + 4*t + 48, -3*s - y*t + 6 = -2*s. Suppose -2*g = -4*g - 2, -3*k + 2*g + s = 0. What is the units digit of k?
3
Let q(i) = -1. Let z(j) = -193*j + 4. Let b(y) = 5*q(y) - z